. What is the tens digit of g(-2)?
7
Let w = 351 + -183. What is the tens digit of w?
6
What is the tens digit of (0 - 22)*16/(-2)?
7
Let g = 14 - 9. Suppose -g = -2*y + 3. What is the units digit of y?
4
Suppose -2*m + 4*m = 0. Let o(w) = w + 11. Let a be o(m). Let j = a - 7. What is the units digit of j?
4
Let j(m) = 4*m**3 - m + 1. Let p be j(1). Suppose p = -2*i + 10. Suppose -2*w + 3*d = 2*w - 44, -3*d - 36 = -i*w. What is the units digit of w?
8
Let x = 28 + 3. What is the units digit of x?
1
Let f(d) = -d**3 + 19*d**2 + 20*d + 14. What is the units digit of f(20)?
4
Let x = -6 + 6. Suppose 2*r + x*r = 0. Suppose 2*u - u - 8 = r. What is the units digit of u?
8
Suppose 3*f = 4*f - 3. Suppose f*r + 5*o - 3 = 20, 4*r + 4*o - 20 = 0. What is the units digit of 3/(-1)*r/(-1)?
3
Let t(p) = 10*p - 22. What is the hundreds digit of t(20)?
1
Suppose 5*y - 10*y + 225 = 0. What is the tens digit of y?
4
Let g be (-134)/10 + 4/10. Suppose 0*p - 10 = 2*p. Let z = p - g. What is the units digit of z?
8
Let y = 144 + 62. What is the hundreds digit of y?
2
Let g be (1 + 3/(-2))*0. Let l = 3 + g. Suppose -5*j - l = -38. What is the units digit of j?
7
Suppose 0 = t - 2*c + 1, 5*c - 24 = -2*t + 1. Suppose 0*r = t*r. Suppose r = 5*a - 7 - 18. What is the units digit of a?
5
Let v be 2/9 + 65/(-9). Let m(b) = -b**2 - 9*b - 9. Let x be m(v). Suppose 17 - 2 = x*i. What is the units digit of i?
3
Suppose 0*k + 330 = 3*k. Suppose i - 43 = 3*y, -3*i - 2*y - 25 = -k. What is the units digit of i?
1
Suppose -51 - 46 = -j. What is the units digit of j?
7
Let z(q) = 2*q + 1. Let l be z(3). Suppose -3*g = 5*x - 35, 0 = -l*x + 2*x + 5*g + 35. What is the units digit of x?
7
Suppose 4*m - 5*m + 127 = 5*j, 0 = j. What is the tens digit of m?
2
Let z = 115 - 55. What is the units digit of z?
0
Suppose -9*g = -5*g - 12. Suppose -8 = -g*v - 2. What is the units digit of v?
2
Suppose -4*b = 4*a - 2 - 34, -3*b - 2*a + 23 = 0. Let g(y) = -y**3 + 4*y**2 + 4*y + 6. What is the units digit of g(b)?
1
Suppose -4*i - 12 = 3*o, 2*o = 2*i - o - 12. Suppose i = u - 4 - 0. Suppose 2*n - 30 = u. What is the units digit of n?
7
Suppose -5*x - w = 4*w + 20, 3*w = x - 12. Suppose 0*m + 3*m - 15 = x. What is the units digit of m?
5
Let m be (4/8)/(2/(-4)). Suppose z - 5*f - 25 = 0, f = -3*z + 5*f + 31. Let y = m + z. What is the units digit of y?
4
Let q(w) = 17*w + 0*w - 3*w**2 - 4 + 3*w**2 - w**2. What is the tens digit of q(13)?
4
Let j(s) = -s**3 - 6*s**2 - 7*s - 6. Let i be j(-4). Let d be (i/4)/((-2)/4). Suppose -d*q + 5*b + 0*b + 15 = 0, -3*b = -4*q + 13. What is the units digit of q?
4
Let a(l) = 2*l - 18. Let x be a(10). Suppose x*h - 9 = -h. What is the units digit of h?
3
Let h be (-3)/(((-6)/(-14))/(-1)). Suppose -3*l = -h*l + 5*v + 17, -3*v = 5*l - 49. What is the units digit of l?
8
Let f = -2 - -5. Let o be (f/1 - 2) + 13. What is the units digit of (o/(-4))/(2/(-4))?
7
Let r be 0 - (-7 - -1)/(-1). What is the units digit of ((-22)/r)/((-2)/(-12))?
2
Suppose i + 143 = 2*i + 5*v, 4*i - 4*v - 572 = 0. What is the units digit of i?
3
Let b = 145 + 11. What is the tens digit of b?
5
Suppose 0 = 3*c + j - 272, 5*c = 5*j + 691 - 231. What is the units digit of c?
1
Let t be (6 - 0)/(2 + -3). Let j(y) = -4 + y**2 + 0*y**2 + 5*y + 1. What is the units digit of j(t)?
3
Suppose -h + 0*h = -12. Suppose -3*i + h = -9. What is the units digit of i?
7
Let p(c) = -1 + 5*c**2 + 0*c**2 - 3*c**2 - 4*c. What is the units digit of p(4)?
5
What is the units digit of 5/(-15) - 49/(-3)?
6
Suppose 3*z + 11 = 6*z + c, 4*z - 5*c = 21. Let b(f) be the second derivative of -f**3/6 + 9*f**2/2 - f. What is the units digit of b(z)?
5
Let i(u) = 2*u**2 - 19*u + 16. Let x be i(12). Suppose 3*k + x = 238. What is the tens digit of k?
5
Let k = -21 + 64. Suppose -5*f = 2*u + 71, 2*u - 28 = -3*f - 93. Let m = u + k. What is the tens digit of m?
1
Suppose 48 = 3*u - 2*y - 29, 4*u - 97 = -3*y. What is the units digit of u?
5
Suppose -4*i + 5*v + 39 = 0, 3*v = -2*i + 4*i - 21. Suppose k = -2*k - 45. What is the units digit of (-16)/10*k/i?
4
Suppose 4*n = 4*f - n - 23, 3*n = -4*f - 1. Let j = f + 13. What is the units digit of j?
5
Let l = -55 - -21. Let s be l/(-9) - (-10)/45. Suppose s*f - 37 = 3*x, 4*x = -x - 15. What is the units digit of f?
7
Let u(d) = -d**2 + 5*d. Let r be u(4). Suppose -b + r*n - 3 = 0, 3*b - b - 3*n + 1 = 0. What is the units digit of b?
1
Suppose 5*h - 2*h - u = 27, -5*h = 3*u - 31. Suppose h*b - 28 = 4*b. What is the units digit of b?
7
Suppose -3*z + n + 103 = 0, 0*n - 166 = -5*z - 4*n. What is the units digit of z?
4
Let f be -1*24/9*3. Let w = f + 19. What is the tens digit of w?
1
Suppose -4*k - 90 + 266 = 0. What is the units digit of k?
4
Let b(a) = -a**2 - 7*a. Let z be b(-8). What is the tens digit of (z/(-10))/(1/50)?
4
Let x be (-1)/(-4) + 135/4. Suppose x = 2*d + 2. What is the units digit of d?
6
Let a = 12 - -26. What is the units digit of a?
8
Suppose 0 = 3*m - 26 - 118. What is the tens digit of m?
4
Let f(y) = 7*y + 1. What is the units digit of f(5)?
6
Let l = -7 - -11. Suppose 0 = 3*i - 0*i - 5*q - 9, -l*i + 4*q = -12. Suppose -i*s + 5 = 2. What is the units digit of s?
1
Suppose -2*n + 12 = 3*m, 6 = 2*n + 5*m - 14. Suppose n = 2*r - 3*r + 2. What is the units digit of r/(-3) + (-10)/(-6)?
1
Suppose -3*i - 1 = -5*s + 17, 3*s = -5*i - 64. Let x = i - -17. What is the units digit of x?
6
Let a(b) = -b**2 + 2. Let t(k) = -4*k**2 + k + 7. Let l(d) = 9*a(d) - 2*t(d). What is the units digit of l(-3)?
1
Suppose x - 5*f = -3*x + 22, 0 = -5*x - 3*f + 9. What is the units digit of x?
3
Suppose -245 = n + 4*n. What is the tens digit of 1/(-3) + n/(-3)?
1
Let r(n) = -n**2 - 8*n - 1. Let k be r(-8). Let z be (k - -4)/3 - 21. Let p = 28 + z. What is the units digit of p?
8
Suppose -312 = -2*l + 5*p, 0 = -3*p - 0 - 12. What is the hundreds digit of l?
1
Let v(f) = -2*f - 6. Let w be 136/(-10) - (-2)/(-5). Let i = w + 8. What is the units digit of v(i)?
6
Let p(t) = 5*t**3 - t**2 - t + 1. Suppose 0 = -2*s - 2*s + 4. What is the units digit of p(s)?
4
Suppose -2*r + 5*p + 31 = 0, -5*r + 8 = p - 2. What is the units digit of 14/(r - 4/4)?
7
Suppose 7*a = -k + 2*a + 24, k = -a + 8. Let r = 11 + k. What is the tens digit of r?
1
Let s(q) = -q + 3. Let v be s(3). Suppose 2*x = -x - 3*g + 45, x + 2*g - 16 = v. What is the tens digit of 6/x + 176/14?
1
Suppose -2*o + 1 + 5 = 3*c, -4*o + 5*c + 34 = 0. Suppose 2*f - o + 8 = 0. What is the tens digit of f/((-32)/30 + 1)?
1
Let x(n) = -2*n + 18. What is the units digit of x(0)?
8
Let p(t) = -3 + t + 0*t - 7*t**2 - t**3 + 2*t**3 + 0*t**3. Let r(d) = -d**2 - d + 7. Let f be r(0). What is the units digit of p(f)?
4
Let k = 22 - 19. What is the units digit of k?
3
Let o(x) = 2*x**2 + 3*x - 1. Let u be o(-5). Suppose 4*m + u = 10. Let j(a) = a**3 + 7*a**2 + 4*a - 2. What is the tens digit of j(m)?
1
What is the units digit of (-96)/(-18) + (-3)/9?
5
What is the hundreds digit of (-2055)/(-10) - 2/(-4)?
2
Let s be 180/42 - 4/14. Suppose 3*b = -1 + s. What is the units digit of 1 - (b + -2 + 0)?
2
Let x(y) = y + 9. Let i be x(-4). Suppose -5*l + 3*r + 156 = 0, 0*r - 114 = -3*l - i*r. What is the units digit of l?
3
Suppose 5*m - 248 = -2*w, -5*m - 194 + 40 = -w. What is the tens digit of w?
3
What is the hundreds digit of 220*(90/12)/5?
3
Let n(a) = a + 15. Let q be n(-9). Suppose q*h - 135 = h. What is the units digit of h?
7
Let c(h) = -h**3 - 10*h**2 - 17*h + 11. What is the tens digit of c(-8)?
1
Suppose -3*r = -9, -13 = 3*t - 5*r - 160. What is the units digit of t?
4
Let k = 4 - 1. What is the units digit of k?
3
Suppose -72 = -3*o - 0*g - 3*g, -g - 26 = -o. What is the units digit of o?
5
Let d = 0 + 4. Suppose y + 25 = 4*a, -4*y = -0*a + d*a. Suppose -5*b + a*f = -75, 0 = -b - 2*f + 13 - 4. What is the tens digit of b?
1
Let y be (-4)/(-14) - (-38)/14. Suppose -b - y + 0 = -3*x, 2*b - x - 4 = 0. Suppose -b*g - i = -25, i - 7 = -2*g + 8. What is the tens digit of g?
1
Suppose -d = 4*d + 35. Let b(i) = -2*i + 2. What is the tens digit of b(d)?
1
Let r(o) be the third derivative of o**5/60 - o**4/6 + o**3/3 + 15*o**2. Suppose 3*g - 7*g + 16 = 0. What is the units digit of r(g)?
2
Suppose 66 = 5*j - 214. What is the tens digit of j?
5
Let x